ive d(22).
1
Let d(a) = a**3 + a**2 - 4*a + 1. Determine d(2).
5
Let m(y) = -y + 14. Calculate m(5).
9
Let s(f) = f**3 + 4*f**2 + 3*f. What is s(-5)?
-40
Let p(j) = 47*j - 324. Give p(7).
5
Let l(k) = -k - 27. Determine l(-35).
8
Let o(v) = 4*v + 15. Calculate o(-4).
-1
Let w(v) = -v - 13. Determine w(-6).
-7
Let z(j) = j**2 - j - 1. Determine z(0).
-1
Let c(h) = -h**3 - 2*h**2 + 2*h + 28. Calculate c(-3).
31
Let h(v) = v**2 + v - 3. What is h(-4)?
9
Let k(x) = 9*x**2 - 152*x + 7. Give k(17).
24
Let x(p) = 3*p + 18. What is x(-6)?
0
Let s(y) = 3*y + 3. What is s(-3)?
-6
Let h(c) = -c**3 - 8*c**2 - 13*c - 13. What is h(-7)?
29
Let g(s) = s**2 + 25*s + 92. Determine g(-21).
8
Let a(h) = -7*h**3 + 3*h**2 - 1. Calculate a(2).
-45
Let x(j) = -j**3 - 3*j**2 - 3*j - 2. What is x(-2)?
0
Let d(h) = -h**2 + 16*h - 60. Give d(5).
-5
Let y(n) = -4*n + 11. What is y(4)?
-5
Let p(w) = -w**2 + 16*w + 1. Give p(11).
56
Let f(k) = -3*k**3 - 17*k**2 - 7. Give f(-6).
29
Let t(c) = -21*c + 5. Calculate t(5).
-100
Let k(i) = -i**3 + 21*i**2 + 70*i + 46. Give k(24).
-2
Let g(m) = -7*m - 6. Determine g(-8).
50
Let d(f) = -20*f - 9. Give d(2).
-49
Let f(o) = -4*o**2 + 5*o - 10. Calculate f(4).
-54
Let f(z) = -10*z - 8. What is f(-3)?
22
Let d(j) = -j**3 - 8*j**2 - 11*j - 2. Determine d(-6).
-8
Let z(d) = d**2 - 16*d - 17. What is z(17)?
0
Let i(y) = -2*y**3 - 3*y**2. Calculate i(-2).
4
Let t(q) = 32*q - 7. What is t(1)?
25
Let s(f) = -f**3 + 13*f**2 - 15*f + 13. Calculate s(12).
-23
Let b(y) = -5*y**2. What is b(1)?
-5
Let g(p) = -p**2 + 10*p + 12. What is g(-1)?
1
Let i(m) = -m**3 - 6*m**2 - 7*m - 6. Determine i(-6).
36
Let i(q) = q**3 - 2*q**2 + 3*q - 5. Determine i(2).
1
Let y(d) = d**3 + 29*d**2 - d - 34. What is y(-29)?
-5
Let w(c) = -5*c - 26. Give w(-11).
29
Let q(u) = 2*u**3 + 2*u**2 - u. Calculate q(-2).
-6
Let x(v) = v**3 + 13*v**2 + 17*v + 13. Give x(-12).
-47
Let v(l) = 22*l + 255. Calculate v(-11).
13
Let j(w) = w**3 - w**2 + 4*w - 6. What is j(4)?
58
Let t(y) = -y**3 - 4*y**2 - 2*y + 3. Determine t(-2).
-1
Let f(x) = x**3 + 74*x**2 + 217*x + 288. Calculate f(-71).
4
Let s(i) = -i**2 + 15*i - 3. Calculate s(14).
11
Let f(l) = 9*l + 12. Calculate f(-5).
-33
Let w(r) = -2*r + 4. What is w(-4)?
12
Let t(f) = -f**3 - f - 3. What is t(0)?
-3
Let n(b) = b + 3. Determine n(4).
7
Let n(o) = -2*o**2 + 10*o + 15. What is n(6)?
3
Let v(i) = 5*i**3 + 3*i**2 - 1. Determine v(-2).
-29
Let q(g) = -g**3 + 3*g**2 - 2*g + 2. What is q(3)?
-4
Let v(k) = k**3 + 8*k**2 + k + 13. Calculate v(-8).
5
Let f(q) = 4*q**3 + 8*q**2 + 6*q + 6. Calculate f(-3).
-48
Let s(d) = d**3 - 7*d**2 + 2*d + 7. Give s(5).
-33
Let q(u) = u**3 + 35*u**2 - 118*u - 92. What is q(-38)?
60
Let s(b) = -9*b**2 - 2*b - 4. Calculate s(-4).
-140
Let k(j) = -7*j - 22. Determine k(-1).
-15
Let o(i) = i**3 + 4*i**2 - 6*i + 2. Calculate o(-5).
7
Let y(n) = -n**3 + 6*n**2 + 7*n + 7. What is y(7)?
7
Let o(c) = c**3 - 8*c**2 + 7*c - 2. What is o(7)?
-2
Let f(o) = -o**3 + 40*o**2 + 4*o - 163. Calculate f(40).
-3
Let v(p) = -p**2 + 11*p - 5. Give v(9).
13
Let p(u) = 12*u + 38. Give p(-3).
2
Let r(o) = 46*o + 3. Determine r(-1).
-43
Let k(g) = g + 5. What is k(5)?
10
Let t(g) = g**2 + 7*g - 1. Determine t(-8).
7
Let v(a) = -4*a**2 - 8*a - 2. Calculate v(-6).
-98
Let t(x) = -x**3 + 6*x**2 + 7*x - 7. Calculate t(7).
-7
Let r(a) = -5*a + 4. Calculate r(-11).
59
Let b(q) = q**2 - 6*q + 10. Determine b(5).
5
Let r(f) = 6*f**3 + 34*f**2 + 20*f + 4. What is r(-5)?
4
Let q(s) = -3*s - 23. Determine q(-11).
10
Let h(u) = 9*u - 34. Determine h(4).
2
Let l(p) = -131*p - 2626. Give l(-20).
-6
Let y(p) = p + 22. Calculate y(-13).
9
Let d(o) = 2*o**3 + 7*o**2 + 2*o - 4. Calculate d(-3).
-1
Let x(f) = -15*f**2 + f. Give x(-1).
-16
Let p(j) = j**3 - 20*j**2 + j - 12. What is p(20)?
8
Let g(c) = -c**2 + 26*c - 46. Give g(24).
2
Let q(t) = -17*t - 2. What is q(-3)?
49
Let i(x) = -x**3 - 7*x**2 - x - 1. Determine i(-7).
6
Let y(g) = -4*g**2 + 3*g. Determine y(4).
-52
Let o(c) = c**2 + 23*c + 52. Determine o(-21).
10
Let u(d) = d**3 - 10*d**2 - d + 5. Give u(10).
-5
Let s(g) = -g**3 + 7*g**2 + 13*g - 3. What is s(9)?
-48
Let y(a) = -2*a**3 + 2*a - 2. Determine y(1).
-2
Let a(k) = k**2 + 17*k - 109. Calculate a(5).
1
Let v(s) = -s - 11. Give v(-10).
-1
Let o(d) = d**3 - 5*d**2 - 10*d + 31. Calculate o(6).
7
Let k(l) = 10*l + 396. What is k(-39)?
6
Let k(g) = -g**3 - 14*g**2 - 14*g + 16. Determine k(-13).
29
Let x(k) = -31*k + 101. What is x(3)?
8
Let v(b) = 20*b**3 - b**2 - 4*b. Determine v(-2).
-156
Let d(k) = -2*k**3 - 89*k**2 + 47*k + 87. Give d(-45).
-3
Let j(p) = 27*p + 97. Give j(-3).
16
Let j(g) = -g**2 - 7*g - 8. What is j(-7)?
-8
Let s(r) = -2*r - 14. What is s(-10)?
6
Let o(c) = -c - 10. Determine o(17).
-27
Let v(q) = -21*q + 140. Determine v(7).
-7
Let s(j) = -j**3 - 8*j**2 - 25*j - 2. Give s(-2).
24
Let a(b) = -2*b + 14. Give a(6).
2
Let d(w) = 9*w + 92. Give d(-12).
-16
Let o(f) = 4*f + 46. Determine o(-14).
-10
Let a(r) = -r**3 - 2*r**2 - r + 1. Give a(0).
1
Let b(o) = -o**3 - 9*o**2 + 13*o - 4. Determine b(-10).
-34
Let h(s) = -s**3 + 3*s**2 - 7. Calculate h(3).
-7
Let l(f) = -23*f**2 + f. Calculate l(1).
-22
Let j(s) = -s**2 + 6*s - 4. Determine j(1).
1
Let x(t) = -t**2 - 26*t - 18. Calculate x(-25).
7
Let z(x) = -2*x**3 + 10*x**2 - 15*x + 3. Give z(6).
-159
Let n(l) = l**2 - 6*l - 25. What is n(9)?
2
Let x(p) = -p - 9. Give x(-5).
-4
Let g(v) = -v**3 + 10*v**2 - 19*v + 14. Give g(8).
-10
Let y(w) = 4*w - 6. Calculate y(4).
10
Let r(u) = u**3 + 14*u**2 - 2*u - 27. What is r(-14)?
1
Let g(d) = 2*d**3 - d**2 + 2*d - 1. Give g(1).
2
Let s(c) = c**2 - 9*c - 1. Give s(9).
-1
Let a(u) = -40*u - 1074. What is a(-27)?
6
Let w(p) = -p**3 - 5*p**2 + 2*p - 16. Determine w(-5).
-26
Let v(b) = -b - 29. Determine v(-17).
-12
Let l(o) = o + 31. Calculate l(-13).
18
Let f(a) = -a + 20. Determine f(11).
9
Let f(u) = -u**3 + 12*u**2 - 9*u - 10. Calculate f(11).
12
Let v(j) = -21*j - 7. Calculate v(-2).
35
Let o(c) = -c**2 - 29*c - 156. Determine o(-6).
-18
Let u(x) = -x**3 - 5*x**2 + 16*x + 6. Calculate u(-7).
-8
Let m(b) = -b**3 + 14*b**2 - 13*b + 16. What is m(13)?
16
Let j(l) = -l**3 - 12*l**2 + 26*l - 20. Give j(-14).
8
Let x(z) = 3*z**2 + 32*z - 11. Calculate x(-11).
0
Let z(t) = 2*t**2 - 51*t + 12. Give z(25).
-13
Let o(r) = 4*r - 52. Determine o(13).
0
Let m(q) = -q**2 - 19*q + 88. Determine m(-24).
-32
Let g(t) = 9*t**2 - 3*t + 1. Determine g(2).
31
Let o(y) = -y**3 + 9*y**2 - 5*y - 5. Calculate o(5).
70
Let p(s) = 2*s**2 + 3. Calculate p(-5).
53
Let b(u) = u**2 + 20*u - 155. Determine b(-26).
1
Let x(p) = p**2 - 8*p + 7. What is x(7)?
0
Let u(o) = -7*o**2 - o + 1. What is u(-2)?
-25
Let u(m) = m**3 - 7*m**2 + 7*m - 10. Determine u(6).
-4
Let n(p) = -2*p**3 + 8*p**2 - p + 2. Give n(3).
17
Let t(o) = 2*o + 5. What is t(4)?
13
Let u(i) = i**3 + 8*i**2 - 6*i - 12. Give u(-9).
-39
Let n(c) = -c**2 - 7*c + 23. What is n(-9)?
5
Let h(x) = -8*x**2 + 3*x + 2. Determine h(-4).
-138
Let i(x) = 4*x**2 + 11*x - 4. Calculate i(-4).
16
Let a(p) = -4*p**3 + 9*p**2 - 12*p + 1. Calculate a(1).
-6
Let m(w) = -w**2 - 2*w + 21. What is m(-7)?
-14
Let d(i) = i**3 - 4*i**2 - 6*i + 12. Determine d(5).
7
Let q(g) = g + 41. What is q(38)?
79
Let g(q) = -q**2 + 3*q + 231. What is g(17)?
-7
Let r(i) = i**2 - 9*i + 3. Give r(10).
13
Let c(l) = -3*l**2 + 6*l + 6. Calculate c(5).
-39
Let n(l) = -l**3 + 5*l**2 + 15*l - 11. Determine n(7).
-4
Let v(s) = s**2 - 16. Determine v(9).
65
Let y(x) = 17*x - 178. What is y(12)?
26
Let s(q) = -31*q - 514. What is s(-16)?
-18
Let s(u) = 2*u - 8. Give s(6).
4
Let z(i) = -i**2 + 6*i - 7. Determine z(4).
1
Let o(z) = -z**3 + 10*z**2 - 17*z + 8. Give o(8).
0
Let f(n) = -6*n - 28. What is f(-17)?
74
Let v(k) = -4*k + 9. Give v(-23).
101
Let z(s) = -s + 8. Calculate z(-9).
17
Let t(a) = a - 36. Calculate t(20).
-16
Let y(t) = -t**3 - 9*t**2 - 10*t + 9. Calculate y(-8).
25
Let w(g) = -g**3 + 14*g**2 - 13*g + 11. What is w(13)?
11
Let j(u) = -12*u - 86. What is j(-7)?
-2
Let q(b) = -27*b - 13. Give q(-2).
41
Let g(s) = s**2 + 4*s - 2. Determine g(-4).
-2
Let i(h) = -h**2 + 13*h - 22. Calculate i(9).
14
Let q(t) = 5*t**2 + 3*t - 2. Determine q(2).
24
Let i(r) = -32*r. Determine i(2).
-64
Let q(a) = a**2 + 9*a + 17. Give q(-3